 + w + 23, 5*d + w = -59. Let m be (-6 - (-324)/33) + (-2)/d. Suppose m*h + 1779 = 5*s, -6*s + 5*s + 352 = 3*h. Is s prime?
False
Let r(o) be the first derivative of -3*o**2/2 - 4*o - 28. Let h be r(-2). Suppose -h*g = -267 - 375. Is g prime?
False
Let m(a) = 8*a - 27*a + 5*a**2 + 75*a**3 + 12*a. Let i be m(3). Suppose -4*t + t = -i. Is t prime?
True
Let j(o) = -o**3 - 3*o**2 + 3*o. Let u be j(-4). Let s be (4 - (-18376)/u) + 4. Suppose 3*w - 808 = -3*q + 2651, -4*q + w = -s. Is q composite?
False
Let j = 24 + -28. Let y(h) = -790*h - 18. Is y(j) composite?
True
Suppose 14*o = 40*o - 704366. Is o composite?
False
Let s(l) = -6*l**2 + 4*l**2 + 67*l**3 - 17*l**3 - 21 - 2 + 13*l. Is s(2) a composite number?
True
Suppose 0 = -260*m + 6547198 + 648822. Is m composite?
True
Let a(g) be the third derivative of 13*g**4/8 + g**3/2 - 29*g**2. Let y be a(18). Suppose -2*i - 3*o = -y - 626, 0 = 4*i + 2*o - 2682. Is i prime?
True
Suppose 2*y - b - 485939 = 0, 2*y = -b + 187523 + 298422. Is y composite?
False
Let i(b) = -b**3 - b**2 - 3*b - 6. Let u(n) = -2*n**3 + 21*n**2 + 10*n + 6. Let v be u(11). Is i(v) composite?
False
Suppose 5*f = -4*w + 198462, -5*f + 44 = 34. Is w composite?
False
Let y be 82*(0 - 1)*(-1160)/16. Suppose 3582 + y = 7*m. Is m composite?
False
Suppose 2*b - 36 = -2*g, 4*g - 64 = b + 3. Let k(i) = -17*i**2 - 10*i - 32. Let s be k(g). Let z = -3166 - s. Is z composite?
False
Suppose 35*b - 419407 - 2812248 = 0. Is b prime?
True
Let j(g) be the third derivative of g**6/24 + 19*g**5/60 - 7*g**4/12 - 19*g**3/6 + 2*g**2 + 36. Is j(9) composite?
False
Let x = 1081 - 525. Let z = x + -138. Is (13/2)/(19/z) a prime number?
False
Suppose 153*z + 15 = 148*z. Is (-146604)/(-19) + (-1 - (1 + z)) composite?
False
Suppose 67*t - 3441203 = -56832. Is t prime?
True
Suppose -92*x + l + 463153 = -90*x, -x + 2*l + 231575 = 0. Is x composite?
True
Let r be (((-168)/(-16))/7)/((-1)/(-4)). Suppose -3*d = -2*a + 7801, -5*a = r*d - 9*d - 19498. Is a prime?
False
Let y = 3 - 7. Let s be 5/70*y*-7. Suppose 0 = -j + s*g + 171, -3*g + 0*g - 167 = -j. Is j a prime number?
True
Let r(o) = 25*o**3 + 7*o**2 - 25*o - 14. Let d be r(7). Suppose -2*u = 3*z - 0*u - 8731, d = 3*z + 4*u. Is z composite?
True
Suppose -t + 0*t = c - 7, 5*c = -2*t + 29. Suppose -26 = -t*s + 5*y, -3*s - 4*y = -0*y + 7. Suppose 0*g + s*g - 195 = 0. Is g a prime number?
False
Let i(f) be the first derivative of -4*f**3/3 - 2*f - 22. Let p be i(0). Is (p/(-2))/(8764/(-1253) - -7) prime?
True
Let g(o) = 39430*o**2 - 224*o - 905. Is g(-4) prime?
True
Let b(x) = 3196*x - 10007. Is b(79) prime?
False
Suppose 13*u + 33*u + 184 = 0. Is (-2 - u - -11048) + 7 prime?
True
Suppose -2682799 = -3*u - 46*u. Is u prime?
True
Let c(i) = -i + 6. Let l be c(-2). Suppose -12334 + 1078 = l*a. Let z = -748 - a. Is z a composite number?
False
Suppose 2*v + h = -h + 26, -3*v - 2*h = -34. Suppose v*t - 4 = -44. Is (2/t)/((-26)/74815) prime?
True
Let u = -10 + 11. Let q be -3 - 0 - (u - (17 + 4)). Suppose 0 = -q*h - h + 30402. Is h composite?
True
Let j = 146 + -130. Suppose j*m - 118091 = 131525. Is m a composite number?
False
Let v(q) be the third derivative of -q**4/24 + 3*q**3/2 - 7*q**2. Let i be v(7). Suppose -188 - 6 = -i*g. Is g prime?
True
Suppose 22175 = 2*p - v, 21*p - v = 25*p - 44335. Let c = 16996 - p. Is c prime?
False
Suppose 0 = -33*n + 35*n + 17064. Let p = n - -5109. Let f = -1888 - p. Is f prime?
False
Suppose 0 = -60*o + 30*o + 1116210. Is o a composite number?
True
Is 19609934/22 - ((-64)/288)/((-66)/(-108)) composite?
True
Suppose -3*g + 6*m - 3*m + 9 = 0, -4*m = -8. Suppose 2*l = -a + 298 + 1380, -g*l + 5*a + 4225 = 0. Is l a composite number?
True
Suppose 16*r - 12*r - 4*l = -3844, 4*r + 5*l + 3835 = 0. Let n = r + 9601. Is n a prime number?
True
Let x(r) = -3202*r + 4009. Is x(-16) a composite number?
True
Let p(n) = -3*n**3 + 9*n**2 - 18*n + 2. Let l be p(-10). Let d = -511 + l. Is d a composite number?
False
Is 8607087/6*508/1143 a composite number?
True
Let f(v) = 27*v**2 - 3*v + 2. Let s = -6 + -23. Let n = -25 - s. Is f(n) prime?
False
Suppose 268*w + 11703972 = 352*w. Is w a prime number?
True
Suppose h + 5*v + 3 = 0, -2*h + h = 4*v. Let i be -3 + (h/8)/((-3)/4). Is 4642/55*i/(-2) a composite number?
False
Suppose -g - 3060 = -5*g. Let h be -1*3/(-1) - g. Is (126/(-27))/(4/h) a prime number?
False
Suppose -1607 = 5*x - 11822. Let z be -5*12/90 - 6132/9. Let q = x + z. Is q a prime number?
True
Let z(p) = -6*p - 17. Suppose 3*s + 2*v + 14 - 6 = 0, 8 = -s + 2*v. Let i be z(s). Suppose -10*w + 957 = -i*w. Is w prime?
False
Suppose 1767531 - 157313 = 4*o + 3*c, 5*o - 2*c = 2012807. Is o prime?
True
Suppose r - 19 = c, -r - 4*c = 3*r - 52. Let h = r - 24. Let z(y) = y**2 - 5*y + 17. Is z(h) prime?
False
Let l = 204189 - 135644. Is l a prime number?
False
Suppose 4*f - 10 = 30. Let x(u) = f*u**2 + 10*u**2 + 3 - 6*u**2. Is x(2) prime?
True
Suppose -18*u - 6066173 = -4*w + 3*u, -4*w + 3*u + 6066155 = 0. Is w prime?
False
Let h(w) be the second derivative of 245*w**3/6 + 23*w**2/2 + 180*w. Is h(34) composite?
False
Is (-4 - 0) + -11 + 7 + 99477 a prime number?
True
Let k(r) = 5 + 40 - 26 + 4221*r. Is k(2) a composite number?
False
Let u = 69 - 65. Is (-34622)/(-12) - ((-207)/54 + u) a composite number?
True
Let b(l) = -11*l**3 + 9*l**2 + 10*l - 2. Let y(z) = -11*z**3 + 9*z**2 + 12*z - 1. Let v(t) = -4*b(t) + 3*y(t). Is v(5) prime?
False
Let r = 1665 + -5391. Suppose -3*m = 5*s - 36809, 19165 = 3*s - 5*m - 2934. Let b = s + r. Is b prime?
True
Let u be (135/36)/(2/960). Let w = u - -3203. Is w a prime number?
True
Let i = 41 + -27. Suppose 18*f - i*f = -992. Let k = f + 630. Is k prime?
False
Let a(i) = 2*i**3 + 4*i**2 + 6*i + 6. Let n be a(-3). Let f be (40/n)/(1/(-48)). Is f/(-16) + 1*271 a composite number?
True
Suppose -239193 = -f + 5*f - s, 4*s = 3*f + 179398. Is 10/(-35) - (f/(-14))/(-1) composite?
False
Let j = -128 + 208. Let v be -1 + 15822/7 + (-12)/42. Suppose v - j = r. Is r a composite number?
False
Suppose 0 = -41*x + 15*x + 1721093 + 366681. Is x composite?
True
Suppose 206 = 40*l - 192874. Suppose -2*u + l = 929. Is u a prime number?
True
Let v(r) = -393*r**3 + 4*r + 1516*r**3 - 3 - 3*r**2 - 2 + 2. Is v(1) a prime number?
False
Suppose -20*q = -6446744 + 669484. Is q a prime number?
False
Let c be 69/15 - 36/60. Suppose 10*o + d - 2831 = 8*o, c*d = -2*o + 2834. Is o prime?
False
Suppose 2*z + 34 - 72 = 0. Let l(s) = 2*s**2 + 40*s - 17. Is l(z) a composite number?
True
Let f(u) = 103*u**3 + 2*u**2 - 11*u + 123. Let t be f(7). Suppose t + 14218 = 17*c. Is c composite?
True
Let p = 196 + -135. Let f = 64 - p. Is (-502)/(f + -1 + -4) prime?
True
Suppose -3*q = -5*y + 2*q - 30, 5*y - 15 = -4*q. Is y/(((-20)/(-5092))/(-5)) a composite number?
True
Is (96598*(-6)/(-12))/(17 - 16) a composite number?
False
Let n(y) = -565718*y - 1283. Is n(-3) composite?
False
Let f(w) = 73*w**2 + 11*w - 133*w**2 + 64*w**2 + 6*w**3 - 16. Is f(7) a prime number?
False
Is 13 + -21 + 24033 + 1*-6 a prime number?
True
Suppose k - 4 = -0. Let n = 8220 + -8224. Is (k/6)/(n - (-56230)/14055) composite?
False
Suppose 12 = -3*n, -1559666 - 590878 = -4*v + 5*n. Is v a prime number?
False
Suppose 10 = -15*g + 17*g. Suppose h = 3*h - n - 17007, 5*n = g*h - 42530. Is h a composite number?
False
Let k = -13213 - -19899. Is k prime?
False
Is ((-1)/(-9))/((-120)/180) - 138739/(-6) a prime number?
False
Let j be (-7 - (-2 + 6)) + -1. Is (-11106)/j*8 + -7 a prime number?
False
Suppose 3*q = 9, -5*g - 5*q + 27565 = -47995. Is g a composite number?
True
Let d(a) = -3*a**3 - 4*a**2 + 2*a + 1. Let r be d(-2). Let f = 16 - 16. Suppose 81 = -f*s + s - l, -397 = -r*s + 3*l. Is s a composite number?
True
Suppose 0 = 57*k - 63*k + 33360. Let i = -2127 + k. Is i prime?
True
Let c(u) = u**2 + 21*u + 108. Let g be c(-11). Is 1 + -1 + g + (12 - -11489) a prime number?
False
Let q(u) = 195*u**2 - 2*u - 80. Is q(-7) prime?
False
Suppose -13*t + 17*t = 4*g + 499176, -4*t - g + 499151 = 0. Is t prime?
False
Suppose 4*l - 3*a - 3137764 = 0, 28*a = 29*a - 8. Is l composite?
False
Suppose -v = 0, -26*v + 54123 = 3*s - 22*v. Is s composite?
False
Suppose 0 = -3*x + o - 14, 3*o = -20*x + 18*x - 2. Let j(d) = 2093*d**2 + 8*d + 49. Is j(x) a 